e 2*-2 + (-77)/(-11). Suppose n*l + 0*q = 2*q + 25513, -3*q + 16987 = 2*l. Is l composite?
False
Let n(t) = -t**2 + 16*t - 23. Let q be n(14). Suppose q*u = 4*c - 1, 0 + 8 = 2*c. Suppose 3*s + r + 0*r = 2701, 3608 = 4*s + u*r. Is s prime?
False
Suppose -u + 40 = 3*k, -5*u + 16 + 134 = 5*k. Suppose 20*c - u*c = -7975. Suppose 4*o = -2*n + 2754, 3*n - 3*o - c - 2554 = 0. Is n prime?
True
Is ((-4)/(-4))/(15184642/2169233 - 7) prime?
True
Suppose 2*h - 7*y - 29 = -2*y, 2*y + 16 = 3*h. Let t = 13137 - 9348. Suppose -h*c - 1079 = -t. Is c a prime number?
False
Suppose -5*o = -3*i + 881601, 5*o - 262783 + 850527 = 2*i. Is i a prime number?
False
Suppose 2*z = -5*f + 732535 + 148862, -f + 4*z = -176275. Is f prime?
False
Let j be -78356*((-140)/16 - -5). Let u = j + -180855. Suppose -14*a - 21938 = -u. Is a a composite number?
True
Is (-9)/(-45) + (-1745232)/(-15) prime?
False
Let g(m) = -8*m - 51. Let j be g(-7). Suppose 0 = 3*z - j*y - 33293, 8*y - 4*y = 3*z - 33289. Suppose -13*w = -z - 2468. Is w prime?
False
Let l(j) = 57*j**3 - 11*j - 16. Let q(y) = 3*y + 1. Let t be q(-2). Let w be l(t). Is (52/12 + -4)/((-1)/w) composite?
True
Suppose -12*v = -1602673 - 118643. Is v a composite number?
False
Suppose -5*r + 4*u = -0*r - 41, -2*r = 2*u - 2. Suppose 0 = r*a + 3205 - 9270. Is a prime?
True
Suppose -5*r = -3*x - 6525770, -4*r + 5*x = 3*x - 5220618. Is r a composite number?
True
Let c = -25 - -27. Suppose -204 = -c*a - 1488. Let v = a + 1185. Is v a composite number?
True
Is ((-17)/(255/(-10)))/(4/(-42)) - -101274 composite?
False
Suppose 3 = q - 1. Let r be 16/(-12)*30/q. Is (-2)/r - (113292/30)/(-3) prime?
True
Let f(u) = -u**2 - 16. Let s(t) = 2*t**2 - t + 17. Let m(q) = 3*f(q) + 2*s(q). Let a be m(14). Is -3*(-4 + a/(-3)) a composite number?
True
Let r(h) = 1199*h**2 + 137*h - 263. Is r(-22) composite?
True
Let w be 5 + -3 + 121871 - 5. Suppose -15*z = 13703 - w. Is z composite?
False
Suppose -n = 2*u, -14*n + 12*n + 2 = 5*u. Is u/8*-4*-794 composite?
True
Suppose 456720 = 5*c - 3*r, -521*c + 5*r = -519*c - 182669. Is c prime?
False
Suppose 5*z - 78502 = -3*b, -2*z + 6*b = 4*b - 31388. Suppose -3*u = 1871 - z. Is u prime?
False
Suppose 250*q + 203934 = 256*q. Suppose q = 8*d + 2861. Is d a composite number?
True
Suppose -20*q + 652708 = 94769 - 3681. Is q a prime number?
True
Is (-32394336)/(-40) - 754/(-290) composite?
True
Let c(k) = 140*k + 20. Suppose -9*g + 54 = -0*g. Let i be c(g). Suppose 5*m - i = -j, -5*j - 2*m = -6*m - 4329. Is j composite?
True
Let z(o) = -o**3 - 25*o**2 - o + 44. Is z(-41) a composite number?
False
Let b = -162 - -169. Is (b/2)/((-11403)/(-3798) + -3) a composite number?
True
Let j = -12 + 15. Suppose -a + 8 = j*a. Is a - (3 + 4*-51) prime?
False
Suppose -65472 = -4*o + p, -5*p + 9718 = -o + 26067. Is o prime?
True
Suppose -5*h - v = -1707655, 4*v - 341531 = -h - v. Suppose 14*z + 55665 = h. Is z prime?
False
Let w be (-1)/(101445/12681 + -8). Let f be (-6 - 2)*(-1 + -1). Suppose w = 19*d - f*d. Is d a composite number?
False
Let c(h) be the third derivative of 7*h**5/60 - h**4/4 + 15*h**3 + 2*h**2 + 139. Is c(19) a composite number?
False
Let c(j) = 6*j**2 + 17*j + 21. Suppose 17 + 38 = -5*n. Let k be c(n). Let w = 1501 - k. Is w prime?
True
Suppose 56*x - 2492204 = -1040927 + 2602507. Is x composite?
True
Let o(u) = 0 + 0 + 4 + 1 - u**2 + 12*u. Let y be o(12). Suppose -1746 = -y*m - 91. Is m composite?
False
Suppose 16*f - 19*f = 18, 4*c - 6791594 = f. Is c a prime number?
False
Let p(g) = -744*g - 31. Let d(q) = 60*q + 76*q + 21 + 144*q + 216*q. Let s(o) = -8*d(o) - 5*p(o). Is s(-4) composite?
True
Let a = 1485 + -1026. Suppose 48 = 40*w - 16*w. Suppose -a = -w*h + 1379. Is h composite?
False
Let s(w) = 2*w**2 - 27*w + 23. Let r(i) be the second derivative of i**5/20 + 2*i**4/3 - i**3/2 - 3*i**2 - 33*i. Let n be r(-8). Is s(n) a prime number?
False
Let i = -434 + 438. Suppose 6*j - 35511 = j - 2*n, j - 7111 = i*n. Is j composite?
False
Suppose u = -2*k + 62, 4*u = 5*u. Let m(o) = 1165*o - 249. Let n be m(9). Suppose -k*w - n = -35*w. Is w prime?
False
Suppose 3*p + 28564 = 5*a, 4*p - 3*a + 38091 = -2*a. Let n = -2042 - p. Is n a prime number?
True
Let b = 286 - 295. Suppose 0*x - 23 = -x + 3*c, -4 = 2*x + 4*c. Is 0 + (-553 + -1)*(x + b) a prime number?
False
Suppose r - 5*i - 8739 = 3440, 3*i = -3*r + 36501. Is r composite?
True
Suppose 212933 + 110281 = 7*h + 62695. Is h composite?
False
Suppose 11*p - 165 = 16*p. Is ((-426404)/p)/22*3/1 prime?
False
Suppose 149*s + 8 = 141*s. Is ((-18)/(-54))/(s/(-22827)) a prime number?
False
Let j(r) = r**3 + 18*r**2 + 33*r + 12. Let i be j(-16). Let b be (447 - i) + (1 - -3). Suppose -b - 391 = -6*w. Is w a composite number?
True
Let j = -16 - 36. Let n be 65/j + 2/8. Is -2 + -3 - 384*n composite?
False
Let t(j) = 51*j**3 - j**2 + 6*j + 4. Let z be t(5). Suppose 7*h = -h - z. Is h*(-6)/4 + 4/(-2) composite?
True
Let a be (-3)/12 + (-964)/(-16). Let m be (a/8 - 6/(-4)) + 2. Suppose -6963 = -m*q - 0*q. Is q prime?
False
Let g be 328/10 - (2 + (-22)/10). Let k = g + -21. Suppose 4*y - 2*y + 735 = c, 0 = 3*y + k. Is c prime?
True
Suppose -40*h = -33*h - 28. Suppose -10*p + p = -3015. Suppose 4*d - h*f - 343 = d, 3*d - 2*f = p. Is d composite?
False
Let h(t) = -t**3 + 9*t**2 - 19*t + 10. Let y be h(6). Suppose 261 = y*r - 751. Is r a composite number?
True
Suppose 5*w - 347525 = 4*g, 0 = -4*w - 65*g + 60*g + 277979. Is w composite?
True
Let o(f) = -f**2 - 8*f + 10905. Let w be o(0). Is ((-98)/35)/((-6)/w) a composite number?
True
Let t(w) = -w**3 + 13*w**2 - 12*w + 6. Let c be t(12). Let r be (2 + (-14)/c)*-9. Suppose 2*z = 5*a + r*z - 5300, 4239 = 4*a + z. Is a a composite number?
False
Let y(j) = 2*j**3 + 13*j**2 + 5*j - 108. Let w be y(25). Let o = w - 6105. Is o composite?
False
Let b = -24221 - -38238. Is b a prime number?
False
Let b(n) be the second derivative of n**5/20 - 7*n**4/4 + 3*n**2 - 7*n. Let p be b(21). Suppose -4*z = -2*f - 2558, -2*f = -0*f - p. Is z prime?
True
Suppose -5*q = -2*j + 27609, -5*q + 10 = 5. Is j composite?
False
Suppose 80 = v - 6*v. Let u be 46486/10 + v/(-40)*1. Let s = u + -2330. Is s a composite number?
True
Suppose -t + 2627607 = 5*f, -4*f + 2166512 - 64452 = 4*t. Is f a composite number?
True
Let o(j) = 9527*j - 38. Is o(11) a prime number?
True
Suppose 0*k - 3*k + 27174 = 3*s, 4*k - 3*s - 36204 = 0. Suppose 0 = -135*y + 129*y + k. Is y composite?
True
Let b be (-33)/2*(-20630)/15 + -3. Suppose -11*w = 9347 - b. Is w a prime number?
True
Let x = -184 + 189. Suppose 4*j - 2979 = -q, -4*q - x*j = -7*j - 12006. Is q prime?
True
Let s = 158637 + -75640. Is s a composite number?
False
Suppose 0 = -3*p - 5*a - 26532 + 88545, 2*p - a = 41342. Is p composite?
True
Let q(k) = 66*k**3 - 29*k**3 - 34*k**3 + k**2 - 6*k + 4 - 5*k**2. Suppose -25 = 2*x - 7*x. Is q(x) a prime number?
False
Let u be ((-2)/6)/(44/(-19140)). Suppose -7*y + u = -5364. Is y a composite number?
False
Let v(c) = 8*c - 107. Let m be v(-8). Is (-153027)/m - (-2)/19 a composite number?
True
Suppose -172*z - 149*z = -87*z - 152327682. Is z a prime number?
False
Let b be 1*(-28)/(-4) + 31177. Suppose 0 = 7*z - 3*z - 4*x - b, -31219 = -4*z - 3*x. Is z a prime number?
False
Suppose -17*d - 16 = -15*d - 5*z, -3*d - 4*z + 22 = 0. Suppose 4*i - 5*m - 9605 = 0, -5*m = d*i - 2914 - 1851. Is i a prime number?
False
Let p = -1896 + 5383. Is p prime?
False
Let n = 19341 + -9066. Let o = -5084 + n. Is o composite?
True
Suppose 408*k = 97*k + 87697957. Is k a prime number?
False
Let r = 82173 - -280348. Is r a composite number?
False
Suppose -2*h + 164545 = 57*d - 54*d, -5*d = 4*h - 329097. Is h a prime number?
False
Is (14032214/77 - 3) + 18/(-33) a prime number?
True
Let u(y) = -2*y + 7. Let r be u(3). Let f be 3*(r + -5)*(-40)/(-6). Let i = 601 + f. Is i a prime number?
True
Is 19 - 24 - -2 - (-1 + 0 + -110971) prime?
True
Suppose 2*r = -2*x + 202, 0*x - 520 = -5*r - 2*x. Suppose -h = -0*h - r. Is (4/(-4))/((-1)/h) a prime number?
False
Let p = 475 + -481. Let s(g) = -4112*g + 61. Is s(p) prime?
True
Let w(d) = -4 + 2*d**2 - 10*d + 5 + 1 - 3. Let y be w(6). Let g(j) = 16*j + 45. Is g(y) a composite number?
True
Let v(p) = p**3 + 14*p**2 - 14*p + 13. Let r be (40/28)/5 + (-321)/21. Let g b